is the thousands digit of 7615233?
5
What is the hundred thousands digit of 127749?
1
What is the hundreds digit of 1091477?
4
What is the hundred thousands digit of 153279?
1
What is the thousands digit of 6816251?
6
What is the hundreds digit of 1550327?
3
What is the thousands digit of 14673215?
3
What is the hundred thousands digit of 5347870?
3
What is the units digit of 14619103?
3
What is the tens digit of 6439479?
7
What is the tens digit of 557821?
2
What is the hundreds digit of 83032?
0
What is the ten thousands digit of 60107?
6
What is the thousands digit of 2268807?
8
What is the hundreds digit of 647114?
1
What is the tens digit of 58247?
4
What is the ten thousands digit of 519267?
1
What is the hundred thousands digit of 32430091?
4
What is the tens digit of 592333?
3
What is the ten thousands digit of 3976810?
7
What is the hundreds digit of 6405455?
4
What is the hundred thousands digit of 396033?
3
What is the hundreds digit of 815151?
1
What is the ten thousands digit of 202745?
0
What is the units digit of 173079?
9
What is the thousands digit of 5397022?
7
What is the hundreds digit of 1377834?
8
What is the ten thousands digit of 1457905?
5
What is the hundred thousands digit of 2562046?
5
What is the thousands digit of 1461880?
1
What is the tens digit of 33796397?
9
What is the hundreds digit of 28018044?
0
What is the units digit of 21333113?
3
What is the thousands digit of 7127?
7
What is the units digit of 610524?
4
What is the thousands digit of 8047708?
7
What is the ten millions digit of 14356469?
1
What is the tens digit of 466893?
9
What is the ten thousands digit of 705457?
0
What is the units digit of 335237?
7
What is the thousands digit of 3645100?
5
What is the millions digit of 6550252?
6
What is the hundreds digit of 312884?
8
What is the units digit of 845393?
3
What is the hundred thousands digit of 248544?
2
What is the hundred thousands digit of 3140381?
1
What is the hundreds digit of 374336?
3
What is the hundreds digit of 43257984?
9
What is the thousands digit of 3261491?
1
What is the hundred thousands digit of 2807210?
8
What is the hundred thousands digit of 615983?
6
What is the millions digit of 10591816?
0
What is the units digit of 375111?
1
What is the tens digit of 860214?
1
What is the ten thousands digit of 3044851?
4
What is the hundreds digit of 420219?
2
What is the units digit of 899763?
3
What is the thousands digit of 1027417?
7
What is the units digit of 4517070?
0
What is the hundreds digit of 4239947?
9
What is the hundreds digit of 5236540?
5
What is the tens digit of 4568738?
3
What is the units digit of 92319?
9
What is the ten thousands digit of 25063710?
6
What is the units digit of 840225?
5
What is the hundred thousands digit of 1187124?
1
What is the thousands digit of 515056?
5
What is the ten thousands digit of 418796?
1
What is the millions digit of 1166778?
1
What is the tens digit of 11917697?
9
What is the tens digit of 553900?
0
What is the thousands digit of 2085009?
5
What is the ten thousands digit of 981494?
8
What is the ten thousands digit of 6021049?
2
What is the units digit of 14198732?
2
What is the thousands digit of 1665303?
5
What is the hundred thousands digit of 122888?
1
What is the tens digit of 140341?
4
What is the hundred thousands digit of 328786?
3
What is the thousands digit of 33821?
3
What is the units digit of 584233?
3
What is the hundred thousands digit of 14896087?
8
What is the hundred thousands digit of 984416?
9
What is the hundreds digit of 2749355?
3
What is the hundreds digit of 30589?
5
What is the hundreds digit of 557386?
3
What is the units digit of 737541?
1
What is the tens digit of 10323?
2
What is the units digit of 814200?
0
What is the tens digit of 2129115?
1
What is the thousands digit of 385690?
5
What is the hundreds digit of 21973653?
6
What is the ten thousands digit of 222212?
2
What is the hundred thousands digit of 564086?
5
What is the hundreds digit of 785153?
1
What is the units digit of 19302609?
9
What is the ten thousands digit of 216956?
1
What is the ten thousands digit of 2547373?
4
What is the thousands digit of 171839?
1
What is the tens digit of 175108?
0
What is the hundreds digit of 608350?
3
What is the hundreds digit of 1849397?
3
What is the hundreds digit of 448074?
0
What is the millions digit of 6113181?
6
What is the tens digit of 1113741?
4
What is the millions digit of 1347390?
1
What is the hundred thousands digit of 166272?
1
What is the thousands digit of 383754?
3
What is the thousands digit of 6179714?
9
What is the ten thousands digit of 921462?
2
What is the thousands digit of 13820731?
0
What is the thousands digit of 16400302?
0
What is the hundreds digit of 471235?
2
What is the thousands digit of 10765880?
5
What is the tens digit of 3614074?
7
What is the hundreds digit of 406213?
2
What is the tens digit of 915298?
9
What is the thousands digit of 3953595?
3
What is the units digit of 13774693?
3
What is the hundreds digit of 40952?
9
What is the ten thousands digit of 21464674?
6
What is the units digit of 566926?
6
What is the tens digit of 12262190?
9
What is the thousands digit of 390653?
0
What is the hundreds digit of 1579962?
9
What is the tens digit of 561012?
1
What is the thousands digit of 17751885?
1
What is the ten thousands digit of 188918?
8
What is the tens digit of 13404658?
5
What is the tens digit of 827241?
4
What is the units digit of 799368?
8
What is the hundreds digit of 17075866?
8
What is the ten thousands digit of 639082?
3
What is the hundreds digit of 1515750?
7
What is the tens digit of 150901?
0
What is the hundreds digit of 2074626?
6
What is the ten thousands digit of 11534337?
3
What is the tens digit of 2449157?
5
What is the ten thousands digit of 863903?
6
What is the units digit of 89608?
8
What is the hundred thousands digit of 751410?
7
What is the ten thousands digit of 1914358?
1
What is the thousands digit of 2742937?
2
What is the units digit of 291324?
4
What is the hundreds digit of 1634889?
8
What is the units digit of 344988?
8
What is the ten thousands digit of 306568?
0
What is the hundreds digit of 40119?
1
What is the hundreds digit of 5022?
0
What is the hundreds digit of 757475?
4
What is the millions digit of 5418709?
5
What is the hundreds digit of 3598435?
4
What is the tens digit of 9474350?
5
What is the thousands digit of 2093162?
3
What is the hundreds digit of 14198054?
0
What is the hundreds digit of 1620885?
8
What is the hundreds digit of 212804?
8
What is the hundreds digit of 1567644?
6
What is the thousands digit of 391516?
1
What is the tens digit of 848106?
0
What is the thousands digit of 226429?
6
What is the millions digit of 1412850?
1
What is the ten millions digit of 11637127?
1
What is the tens digit of 381251?
5
What is the thousands digit of 42867129?
7
What is the tens digit of 252222?
2
What is the units digit of 252833?
3
What is the units digit of 427767?
7
What is the ten thousands digit of 4437212?
3
What is the thousands digit of 37396200?
6
What is the tens digit of 1330196?
9
What is the millions digit of 2726310?
2
What is the hundreds digit of 343413?
4
What is the units digit of 213213?
3
What is the tens digit of 744564?
6
What is the hundreds digit of 1841254?
2
What is the ten thousands digit of 2188854?
8
What is the tens digit of 2025270?
7
What is the tens digit of 6629390?
9
What is the hundreds digit of 9072?
0
What is the ten millions digit of 12512108?
1
What is the ten thousands digit of 49858?
4
What is the millions digit of 10427127?
0
What is the ten thousands digit of 3625565?
2
What is the ten thousands digit of 2112792?
1
What is the units digit of 89398?
8
What is the hundreds digit of 171730?
7
What is the ten thousands digit of 569144?
6
What is the units digit of 9576822?
2
What is the hundreds digit of 414293?
2
What is the units digit of 3558805?
5
What is the tens digit of 5040997?
9
What is the thousands digit of 3290370?
0
What is the hundred thousands digit of 5775040?
7
What is the hundred thousands digit of 838507?
8
What is the units digit of 448205?
5
What is the thousands digit of 15711309?
1
What is the millions digit of 3560602?
3
What is the t